{"id":7709,"date":"2025-07-24T14:21:24","date_gmt":"2025-07-24T14:21:24","guid":{"rendered":"http:\/\/satorrasceramica.com\/?post_type=product&#038;p=7709"},"modified":"2025-07-25T06:52:03","modified_gmt":"2025-07-25T06:52:03","slug":"angel-esquerra-del-timpa-catedral-de-tarragona","status":"publish","type":"product","link":"https:\/\/satorrasceramica.com\/ca\/product\/angel-esquerra-del-timpa-catedral-de-tarragona\/","title":{"rendered":"Angel esquerra del timp\u00e0 &#8211; Catedral de Tarragona"},"content":{"rendered":"<p><strong>ICONOGRAFIA<\/strong><br \/>\nRecordem que la resurrecci\u00f3 dels morts s&#8217;inicia amb la crida dels \u00e0ngels als difunts els quals sortiran de les tombes a fi de ser jutjats:<br \/>\n<em>&#8220;&#8230;Alabeu a D\u00e9u en el seu santuari, alabeu-lo en el seu majest\u00e0tic firmament. Alabeu-lo al s\u00f3 de les trompetes&#8230;&#8221;<\/em> (Salms, 150, 1-3)<br \/>\nEl nombre d&#8217;\u00e0ngels que cal emprar en la representaci\u00f3 d&#8217;aquesta escena varia segons els diferents textos&#8230;<\/p>\n","protected":false},"excerpt":{"rendered":"<p>El cap \u00e9s cobert amb llarga cabellera que cau en rulls tractats d&#8217;una manera esquem\u00e0tica i en certa manera convencionals. Els ulls, sota les celles sortides i lleugerament arquejades, s\u00f3n ametllats i miren als ressuscitats. S&#8217;aprecia tamb\u00e9 el nas recte, les galtes inflades, el barb\u00f3 redu\u00eft i la sotabarba. Mostren un gran realisme en el rostre i les faccions s\u00f3n ben proporcionades. S\u00f3n habillats amb una t\u00fanica folgada i cenyida a la cintura a m\u00e9s d&#8217;una faldilla llarga agitada pel vent amb volums sinuosos.<\/p>\n","protected":false},"featured_media":7711,"template":"","meta":{"content-type":""},"product_brand":[],"product_cat":[78],"product_tag":[],"class_list":{"0":"post-7709","1":"product","2":"type-product","3":"status-publish","4":"has-post-thumbnail","6":"product_cat-tarragona","7":"grve-entry-item","9":"first","10":"instock","11":"shipping-taxable","12":"purchasable","13":"product-type-simple"},"yoast_head":"<!-- This site is optimized with the Yoast SEO plugin v25.5 - https:\/\/yoast.com\/wordpress\/plugins\/seo\/ -->\n<title>Angel esquerra del timp\u00e0 - Catedral de Tarragona - Satorras Ceramica<\/title>\n<meta name=\"robots\" content=\"index, follow, max-snippet:-1, max-image-preview:large, max-video-preview:-1\" \/>\n<link rel=\"canonical\" href=\"https:\/\/satorrasceramica.com\/ca\/product\/angel-esquerra-del-timpa-catedral-de-tarragona\/\" \/>\n<meta property=\"og:locale\" content=\"ca_ES\" \/>\n<meta property=\"og:type\" content=\"article\" \/>\n<meta property=\"og:title\" content=\"Angel esquerra del timp\u00e0 - Catedral de Tarragona - Satorras Ceramica\" \/>\n<meta property=\"og:description\" content=\"El cap \u00e9s cobert amb llarga cabellera que cau en rulls tractats d&#039;una manera esquem\u00e0tica i en certa manera convencionals. Els ulls, sota les celles sortides i lleugerament arquejades, s\u00f3n ametllats i miren als ressuscitats. S&#039;aprecia tamb\u00e9 el nas recte, les galtes inflades, el barb\u00f3 redu\u00eft i la sotabarba. Mostren un gran realisme en el rostre i les faccions s\u00f3n ben proporcionades. S\u00f3n habillats amb una t\u00fanica folgada i cenyida a la cintura a m\u00e9s d&#039;una faldilla llarga agitada pel vent amb volums sinuosos.\" \/>\n<meta property=\"og:url\" content=\"https:\/\/satorrasceramica.com\/ca\/product\/angel-esquerra-del-timpa-catedral-de-tarragona\/\" \/>\n<meta property=\"og:site_name\" content=\"Satorras Ceramica\" \/>\n<meta property=\"article:modified_time\" content=\"2025-07-25T06:52:03+00:00\" \/>\n<meta property=\"og:image\" content=\"https:\/\/satorrasceramica.com\/wp-content\/uploads\/2025\/07\/SATORRAS-Angel-esquerra-del-timpa-1.png\" \/>\n\t<meta property=\"og:image:width\" content=\"500\" \/>\n\t<meta property=\"og:image:height\" content=\"500\" \/>\n\t<meta property=\"og:image:type\" content=\"image\/png\" \/>\n<meta name=\"twitter:card\" content=\"summary_large_image\" \/>\n<meta name=\"twitter:label1\" content=\"Est. reading time\" \/>\n\t<meta name=\"twitter:data1\" content=\"1 minut\" \/>\n<script type=\"application\/ld+json\" class=\"yoast-schema-graph\">{\"@context\":\"https:\/\/schema.org\",\"@graph\":[{\"@type\":\"WebPage\",\"@id\":\"https:\/\/satorrasceramica.com\/ca\/product\/angel-esquerra-del-timpa-catedral-de-tarragona\/\",\"url\":\"https:\/\/satorrasceramica.com\/ca\/product\/angel-esquerra-del-timpa-catedral-de-tarragona\/\",\"name\":\"Angel esquerra del timp\u00e0 - Catedral de Tarragona - Satorras Ceramica\",\"isPartOf\":{\"@id\":\"https:\/\/satorrasceramica.com\/ca\/#website\"},\"primaryImageOfPage\":{\"@id\":\"https:\/\/satorrasceramica.com\/ca\/product\/angel-esquerra-del-timpa-catedral-de-tarragona\/#primaryimage\"},\"image\":{\"@id\":\"https:\/\/satorrasceramica.com\/ca\/product\/angel-esquerra-del-timpa-catedral-de-tarragona\/#primaryimage\"},\"thumbnailUrl\":\"https:\/\/satorrasceramica.com\/wp-content\/uploads\/2025\/07\/SATORRAS-Angel-esquerra-del-timpa-1.png\",\"datePublished\":\"2025-07-24T14:21:24+00:00\",\"dateModified\":\"2025-07-25T06:52:03+00:00\",\"breadcrumb\":{\"@id\":\"https:\/\/satorrasceramica.com\/ca\/product\/angel-esquerra-del-timpa-catedral-de-tarragona\/#breadcrumb\"},\"inLanguage\":\"ca\",\"potentialAction\":[{\"@type\":\"ReadAction\",\"target\":[\"https:\/\/satorrasceramica.com\/ca\/product\/angel-esquerra-del-timpa-catedral-de-tarragona\/\"]}]},{\"@type\":\"ImageObject\",\"inLanguage\":\"ca\",\"@id\":\"https:\/\/satorrasceramica.com\/ca\/product\/angel-esquerra-del-timpa-catedral-de-tarragona\/#primaryimage\",\"url\":\"https:\/\/satorrasceramica.com\/wp-content\/uploads\/2025\/07\/SATORRAS-Angel-esquerra-del-timpa-1.png\",\"contentUrl\":\"https:\/\/satorrasceramica.com\/wp-content\/uploads\/2025\/07\/SATORRAS-Angel-esquerra-del-timpa-1.png\",\"width\":500,\"height\":500},{\"@type\":\"BreadcrumbList\",\"@id\":\"https:\/\/satorrasceramica.com\/ca\/product\/angel-esquerra-del-timpa-catedral-de-tarragona\/#breadcrumb\",\"itemListElement\":[{\"@type\":\"ListItem\",\"position\":1,\"name\":\"Home\",\"item\":\"https:\/\/satorrasceramica.com\/ca\/\"},{\"@type\":\"ListItem\",\"position\":2,\"name\":\"Botiga\",\"item\":\"https:\/\/satorrasceramica.com\/ca\/shop\/\"},{\"@type\":\"ListItem\",\"position\":3,\"name\":\"Angel esquerra del timp\u00e0 &#8211; Catedral de Tarragona\"}]},{\"@type\":\"WebSite\",\"@id\":\"https:\/\/satorrasceramica.com\/ca\/#website\",\"url\":\"https:\/\/satorrasceramica.com\/ca\/\",\"name\":\"Satorras Ceramica\",\"description\":\"Taller de Cer\u00e1mica Satorras Reproducciones Art\u00edsticas Patrimoniales y Monumentales.\",\"publisher\":{\"@id\":\"https:\/\/satorrasceramica.com\/ca\/#organization\"},\"potentialAction\":[{\"@type\":\"SearchAction\",\"target\":{\"@type\":\"EntryPoint\",\"urlTemplate\":\"https:\/\/satorrasceramica.com\/ca\/?s={search_term_string}\"},\"query-input\":{\"@type\":\"PropertyValueSpecification\",\"valueRequired\":true,\"valueName\":\"search_term_string\"}}],\"inLanguage\":\"ca\"},{\"@type\":\"Organization\",\"@id\":\"https:\/\/satorrasceramica.com\/ca\/#organization\",\"name\":\"Satorras Ceramica\",\"url\":\"https:\/\/satorrasceramica.com\/ca\/\",\"logo\":{\"@type\":\"ImageObject\",\"inLanguage\":\"ca\",\"@id\":\"https:\/\/satorrasceramica.com\/ca\/#\/schema\/logo\/image\/\",\"url\":\"http:\/\/satorrasceramica.com\/wp-content\/uploads\/2023\/12\/logo-satorras.png\",\"contentUrl\":\"http:\/\/satorrasceramica.com\/wp-content\/uploads\/2023\/12\/logo-satorras.png\",\"width\":200,\"height\":200,\"caption\":\"Satorras Ceramica\"},\"image\":{\"@id\":\"https:\/\/satorrasceramica.com\/ca\/#\/schema\/logo\/image\/\"},\"sameAs\":[\"https:\/\/www.instagram.com\/satorrasceramica\/\"]}]}<\/script>\n<!-- \/ Yoast SEO plugin. -->","yoast_head_json":{"title":"Angel esquerra del timp\u00e0 - Catedral de Tarragona - Satorras Ceramica","robots":{"index":"index","follow":"follow","max-snippet":"max-snippet:-1","max-image-preview":"max-image-preview:large","max-video-preview":"max-video-preview:-1"},"canonical":"https:\/\/satorrasceramica.com\/ca\/product\/angel-esquerra-del-timpa-catedral-de-tarragona\/","og_locale":"ca_ES","og_type":"article","og_title":"Angel esquerra del timp\u00e0 - Catedral de Tarragona - Satorras Ceramica","og_description":"El cap \u00e9s cobert amb llarga cabellera que cau en rulls tractats d'una manera esquem\u00e0tica i en certa manera convencionals. Els ulls, sota les celles sortides i lleugerament arquejades, s\u00f3n ametllats i miren als ressuscitats. S'aprecia tamb\u00e9 el nas recte, les galtes inflades, el barb\u00f3 redu\u00eft i la sotabarba. Mostren un gran realisme en el rostre i les faccions s\u00f3n ben proporcionades. S\u00f3n habillats amb una t\u00fanica folgada i cenyida a la cintura a m\u00e9s d'una faldilla llarga agitada pel vent amb volums sinuosos.","og_url":"https:\/\/satorrasceramica.com\/ca\/product\/angel-esquerra-del-timpa-catedral-de-tarragona\/","og_site_name":"Satorras Ceramica","article_modified_time":"2025-07-25T06:52:03+00:00","og_image":[{"width":500,"height":500,"url":"https:\/\/satorrasceramica.com\/wp-content\/uploads\/2025\/07\/SATORRAS-Angel-esquerra-del-timpa-1.png","type":"image\/png"}],"twitter_card":"summary_large_image","twitter_misc":{"Est. reading time":"1 minut"},"schema":{"@context":"https:\/\/schema.org","@graph":[{"@type":"WebPage","@id":"https:\/\/satorrasceramica.com\/ca\/product\/angel-esquerra-del-timpa-catedral-de-tarragona\/","url":"https:\/\/satorrasceramica.com\/ca\/product\/angel-esquerra-del-timpa-catedral-de-tarragona\/","name":"Angel esquerra del timp\u00e0 - Catedral de Tarragona - Satorras Ceramica","isPartOf":{"@id":"https:\/\/satorrasceramica.com\/ca\/#website"},"primaryImageOfPage":{"@id":"https:\/\/satorrasceramica.com\/ca\/product\/angel-esquerra-del-timpa-catedral-de-tarragona\/#primaryimage"},"image":{"@id":"https:\/\/satorrasceramica.com\/ca\/product\/angel-esquerra-del-timpa-catedral-de-tarragona\/#primaryimage"},"thumbnailUrl":"https:\/\/satorrasceramica.com\/wp-content\/uploads\/2025\/07\/SATORRAS-Angel-esquerra-del-timpa-1.png","datePublished":"2025-07-24T14:21:24+00:00","dateModified":"2025-07-25T06:52:03+00:00","breadcrumb":{"@id":"https:\/\/satorrasceramica.com\/ca\/product\/angel-esquerra-del-timpa-catedral-de-tarragona\/#breadcrumb"},"inLanguage":"ca","potentialAction":[{"@type":"ReadAction","target":["https:\/\/satorrasceramica.com\/ca\/product\/angel-esquerra-del-timpa-catedral-de-tarragona\/"]}]},{"@type":"ImageObject","inLanguage":"ca","@id":"https:\/\/satorrasceramica.com\/ca\/product\/angel-esquerra-del-timpa-catedral-de-tarragona\/#primaryimage","url":"https:\/\/satorrasceramica.com\/wp-content\/uploads\/2025\/07\/SATORRAS-Angel-esquerra-del-timpa-1.png","contentUrl":"https:\/\/satorrasceramica.com\/wp-content\/uploads\/2025\/07\/SATORRAS-Angel-esquerra-del-timpa-1.png","width":500,"height":500},{"@type":"BreadcrumbList","@id":"https:\/\/satorrasceramica.com\/ca\/product\/angel-esquerra-del-timpa-catedral-de-tarragona\/#breadcrumb","itemListElement":[{"@type":"ListItem","position":1,"name":"Home","item":"https:\/\/satorrasceramica.com\/ca\/"},{"@type":"ListItem","position":2,"name":"Botiga","item":"https:\/\/satorrasceramica.com\/ca\/shop\/"},{"@type":"ListItem","position":3,"name":"Angel esquerra del timp\u00e0 &#8211; Catedral de Tarragona"}]},{"@type":"WebSite","@id":"https:\/\/satorrasceramica.com\/ca\/#website","url":"https:\/\/satorrasceramica.com\/ca\/","name":"Satorras Ceramica","description":"Taller de Cer\u00e1mica Satorras Reproducciones Art\u00edsticas Patrimoniales y Monumentales.","publisher":{"@id":"https:\/\/satorrasceramica.com\/ca\/#organization"},"potentialAction":[{"@type":"SearchAction","target":{"@type":"EntryPoint","urlTemplate":"https:\/\/satorrasceramica.com\/ca\/?s={search_term_string}"},"query-input":{"@type":"PropertyValueSpecification","valueRequired":true,"valueName":"search_term_string"}}],"inLanguage":"ca"},{"@type":"Organization","@id":"https:\/\/satorrasceramica.com\/ca\/#organization","name":"Satorras Ceramica","url":"https:\/\/satorrasceramica.com\/ca\/","logo":{"@type":"ImageObject","inLanguage":"ca","@id":"https:\/\/satorrasceramica.com\/ca\/#\/schema\/logo\/image\/","url":"http:\/\/satorrasceramica.com\/wp-content\/uploads\/2023\/12\/logo-satorras.png","contentUrl":"http:\/\/satorrasceramica.com\/wp-content\/uploads\/2023\/12\/logo-satorras.png","width":200,"height":200,"caption":"Satorras Ceramica"},"image":{"@id":"https:\/\/satorrasceramica.com\/ca\/#\/schema\/logo\/image\/"},"sameAs":["https:\/\/www.instagram.com\/satorrasceramica\/"]}]}},"jetpack_sharing_enabled":true,"_links":{"self":[{"href":"https:\/\/satorrasceramica.com\/ca\/wp-json\/wp\/v2\/product\/7709","targetHints":{"allow":["GET"]}}],"collection":[{"href":"https:\/\/satorrasceramica.com\/ca\/wp-json\/wp\/v2\/product"}],"about":[{"href":"https:\/\/satorrasceramica.com\/ca\/wp-json\/wp\/v2\/types\/product"}],"wp:featuredmedia":[{"embeddable":true,"href":"https:\/\/satorrasceramica.com\/ca\/wp-json\/wp\/v2\/media\/7711"}],"wp:attachment":[{"href":"https:\/\/satorrasceramica.com\/ca\/wp-json\/wp\/v2\/media?parent=7709"}],"wp:term":[{"taxonomy":"product_brand","embeddable":true,"href":"https:\/\/satorrasceramica.com\/ca\/wp-json\/wp\/v2\/product_brand?post=7709"},{"taxonomy":"product_cat","embeddable":true,"href":"https:\/\/satorrasceramica.com\/ca\/wp-json\/wp\/v2\/product_cat?post=7709"},{"taxonomy":"product_tag","embeddable":true,"href":"https:\/\/satorrasceramica.com\/ca\/wp-json\/wp\/v2\/product_tag?post=7709"}],"curies":[{"name":"wp","href":"https:\/\/api.w.org\/{rel}","templated":true}]}}

Angel esquerra del timpà &#8211; Catedral de Tarragona

<p><strong>ICONOGRAFIA</strong><br />
Recordem que la resurrecció dels morts s&#8217;inicia amb la crida dels àngels als difunts els quals sortiran de les tombes a fi de ser jutjats:<br />
<em>&#8220;&#8230;Alabeu a Déu en el seu santuari, alabeu-lo en el seu majestàtic firmament. Alabeu-lo al só de les trompetes&#8230;&#8221;</em> (Salms, 150, 1-3)<br />
El nombre d&#8217;àngels que cal emprar en la representació d&#8217;aquesta escena varia segons els diferents textos&#8230;</p>

<p>El cap és cobert amb llarga cabellera que cau en rulls tractats d&#8217;una manera esquemàtica i en certa manera convencionals. Els ulls, sota les celles sortides i lleugerament arquejades, són ametllats i miren als ressuscitats. S&#8217;aprecia també el nas recte, les galtes inflades, el barbó reduït i la sotabarba. Mostren un gran realisme en el rostre i les faccions són ben proporcionades. Són habillats amb una túnica folgada i cenyida a la cintura a més d&#8217;una faldilla llarga agitada pel vent amb volums sinuosos.</p>

<!-- This site is optimized with the Yoast SEO plugin v25.5 - https://yoast.com/wordpress/plugins/seo/ -->
<title>Angel esquerra del timpà - Catedral de Tarragona - Satorras Ceramica</title>
<meta name="robots" content="index, follow, max-snippet:-1, max-image-preview:large, max-video-preview:-1" />
<link rel="canonical" href="https://satorrasceramica.com/ca/product/angel-esquerra-del-timpa-catedral-de-tarragona/" />
<meta property="og:locale" content="ca_ES" />
<meta property="og:type" content="article" />
<meta property="og:title" content="Angel esquerra del timpà - Catedral de Tarragona - Satorras Ceramica" />
<meta property="og:description" content="El cap és cobert amb llarga cabellera que cau en rulls tractats d&#039;una manera esquemàtica i en certa manera convencionals. Els ulls, sota les celles sortides i lleugerament arquejades, són ametllats i miren als ressuscitats. S&#039;aprecia també el nas recte, les galtes inflades, el barbó reduït i la sotabarba. Mostren un gran realisme en el rostre i les faccions són ben proporcionades. Són habillats amb una túnica folgada i cenyida a la cintura a més d&#039;una faldilla llarga agitada pel vent amb volums sinuosos." />
<meta property="og:url" content="https://satorrasceramica.com/ca/product/angel-esquerra-del-timpa-catedral-de-tarragona/" />
<meta property="og:site_name" content="Satorras Ceramica" />
<meta property="article:modified_time" content="2025-07-25T06:52:03+00:00" />
<meta property="og:image" content="https://satorrasceramica.com/wp-content/uploads/2025/07/SATORRAS-Angel-esquerra-del-timpa-1.png" />
	<meta property="og:image:width" content="500" />
	<meta property="og:image:height" content="500" />
	<meta property="og:image:type" content="image/png" />
<meta name="twitter:card" content="summary_large_image" />
<meta name="twitter:label1" content="Est. reading time" />
	<meta name="twitter:data1" content="1 minut" />
<script type="application/ld+json" class="yoast-schema-graph">{"@context":"https://schema.org","@graph":[{"@type":"WebPage","@id":"https://satorrasceramica.com/ca/product/angel-esquerra-del-timpa-catedral-de-tarragona/","url":"https://satorrasceramica.com/ca/product/angel-esquerra-del-timpa-catedral-de-tarragona/","name":"Angel esquerra del timpà - Catedral de Tarragona - Satorras Ceramica","isPartOf":{"@id":"https://satorrasceramica.com/ca/#website"},"primaryImageOfPage":{"@id":"https://satorrasceramica.com/ca/product/angel-esquerra-del-timpa-catedral-de-tarragona/#primaryimage"},"image":{"@id":"https://satorrasceramica.com/ca/product/angel-esquerra-del-timpa-catedral-de-tarragona/#primaryimage"},"thumbnailUrl":"https://satorrasceramica.com/wp-content/uploads/2025/07/SATORRAS-Angel-esquerra-del-timpa-1.png","datePublished":"2025-07-24T14:21:24+00:00","dateModified":"2025-07-25T06:52:03+00:00","breadcrumb":{"@id":"https://satorrasceramica.com/ca/product/angel-esquerra-del-timpa-catedral-de-tarragona/#breadcrumb"},"inLanguage":"ca","potentialAction":[{"@type":"ReadAction","target":["https://satorrasceramica.com/ca/product/angel-esquerra-del-timpa-catedral-de-tarragona/"]}]},{"@type":"ImageObject","inLanguage":"ca","@id":"https://satorrasceramica.com/ca/product/angel-esquerra-del-timpa-catedral-de-tarragona/#primaryimage","url":"https://satorrasceramica.com/wp-content/uploads/2025/07/SATORRAS-Angel-esquerra-del-timpa-1.png","contentUrl":"https://satorrasceramica.com/wp-content/uploads/2025/07/SATORRAS-Angel-esquerra-del-timpa-1.png","width":500,"height":500},{"@type":"BreadcrumbList","@id":"https://satorrasceramica.com/ca/product/angel-esquerra-del-timpa-catedral-de-tarragona/#breadcrumb","itemListElement":[{"@type":"ListItem","position":1,"name":"Home","item":"https://satorrasceramica.com/ca/"},{"@type":"ListItem","position":2,"name":"Botiga","item":"https://satorrasceramica.com/ca/shop/"},{"@type":"ListItem","position":3,"name":"Angel esquerra del timpà &#8211; Catedral de Tarragona"}]},{"@type":"WebSite","@id":"https://satorrasceramica.com/ca/#website","url":"https://satorrasceramica.com/ca/","name":"Satorras Ceramica","description":"Taller de Cerámica Satorras Reproducciones Artísticas Patrimoniales y Monumentales.","publisher":{"@id":"https://satorrasceramica.com/ca/#organization"},"potentialAction":[{"@type":"SearchAction","target":{"@type":"EntryPoint","urlTemplate":"https://satorrasceramica.com/ca/?s={search_term_string}"},"query-input":{"@type":"PropertyValueSpecification","valueRequired":true,"valueName":"search_term_string"}}],"inLanguage":"ca"},{"@type":"Organization","@id":"https://satorrasceramica.com/ca/#organization","name":"Satorras Ceramica","url":"https://satorrasceramica.com/ca/","logo":{"@type":"ImageObject","inLanguage":"ca","@id":"https://satorrasceramica.com/ca/#/schema/logo/image/","url":"http://satorrasceramica.com/wp-content/uploads/2023/12/logo-satorras.png","contentUrl":"http://satorrasceramica.com/wp-content/uploads/2023/12/logo-satorras.png","width":200,"height":200,"caption":"Satorras Ceramica"},"image":{"@id":"https://satorrasceramica.com/ca/#/schema/logo/image/"},"sameAs":["https://www.instagram.com/satorrasceramica/"]}]}</script>
<!-- / Yoast SEO plugin. -->

Angel esquerra del timpà - Catedral de Tarragona - Satorras Ceramica

El cap és cobert amb llarga cabellera que cau en rulls tractats d'una manera esquemàtica i en certa manera convencionals. Els ulls, sota les celles sortides i lleugerament arquejades, són ametllats i miren als ressuscitats. S'aprecia també el nas recte, les galtes inflades, el barbó reduït i la sotabarba. Mostren un gran realisme en el rostre i les faccions són ben proporcionades. Són habillats amb una túnica folgada i cenyida a la cintura a més d'una faldilla llarga agitada pel vent amb volums sinuosos.

Taller de Cerámica Satorras Reproducciones Artísticas Patrimoniales y Monumentales.
